{"id":74,"date":"2025-05-16T10:17:25","date_gmt":"2025-05-16T08:17:25","guid":{"rendered":"https:\/\/zabac.ba\/?post_type=product&#038;p=74"},"modified":"2025-05-16T10:30:21","modified_gmt":"2025-05-16T08:30:21","slug":"polo-majica-klasicni-kroj","status":"publish","type":"product","link":"https:\/\/zabac.ba\/?product=polo-majica-klasicni-kroj","title":{"rendered":"Polo Majica &#8211; Klasi\u010dni Kroj"},"content":{"rendered":"<p>Dodaj dozu elegancije i udobnosti svom svakodnevnom outfitu s ovom klasi\u010dnom polo majicom. Napravljena od visokokvalitetnog pamuka, ova majica nudi vrhunsku prozra\u010dnost i udobnost tokom cijelog dana. Idealan izbor za sve prilike \u2013 od poslovnog okru\u017eenja do opu\u0161tenih \u0161etnji gradom. Boja koja lako se kombinuje s ostalim odjevnim komadima, dok klasi\u010dni kroj i trodugmi\u0107ni ovratnik daju sofisticirani izgled.<\/p>\n","protected":false},"excerpt":{"rendered":"<p>Stilizuj svoj izgled uz na\u0161u klasi\u010dnu mu\u0161ku polo majicu izra\u0111enu od 100% pamuka. Idealna za svakodnevno no\u0161enje, posao ili casual izlaske. Dostupna u vi\u0161e veli\u010dina.<\/p>\n","protected":false},"featured_media":85,"comment_status":"open","ping_status":"closed","template":"","meta":[],"product_brand":[],"product_cat":[28],"product_tag":[],"class_list":{"0":"post-74","1":"product","2":"type-product","3":"status-publish","4":"has-post-thumbnail","6":"product_cat-majice","8":"first","9":"instock","10":"taxable","11":"shipping-taxable","12":"purchasable","13":"product-type-variable"},"_links":{"self":[{"href":"https:\/\/zabac.ba\/index.php?rest_route=\/wp\/v2\/product\/74","targetHints":{"allow":["GET"]}}],"collection":[{"href":"https:\/\/zabac.ba\/index.php?rest_route=\/wp\/v2\/product"}],"about":[{"href":"https:\/\/zabac.ba\/index.php?rest_route=\/wp\/v2\/types\/product"}],"replies":[{"embeddable":true,"href":"https:\/\/zabac.ba\/index.php?rest_route=%2Fwp%2Fv2%2Fcomments&post=74"}],"wp:featuredmedia":[{"embeddable":true,"href":"https:\/\/zabac.ba\/index.php?rest_route=\/wp\/v2\/media\/85"}],"wp:attachment":[{"href":"https:\/\/zabac.ba\/index.php?rest_route=%2Fwp%2Fv2%2Fmedia&parent=74"}],"wp:term":[{"taxonomy":"product_brand","embeddable":true,"href":"https:\/\/zabac.ba\/index.php?rest_route=%2Fwp%2Fv2%2Fproduct_brand&post=74"},{"taxonomy":"product_cat","embeddable":true,"href":"https:\/\/zabac.ba\/index.php?rest_route=%2Fwp%2Fv2%2Fproduct_cat&post=74"},{"taxonomy":"product_tag","embeddable":true,"href":"https:\/\/zabac.ba\/index.php?rest_route=%2Fwp%2Fv2%2Fproduct_tag&post=74"}],"curies":[{"name":"wp","href":"https:\/\/api.w.org\/{rel}","templated":true}]}}